[INFO] cloning repository https://github.com/Masterchef365/wgpu_launchpad
[INFO] running `Command { std: "git" "-c" "credential.helper=" "-c" "credential.helper=/workspace/cargo-home/bin/git-credential-null" "clone" "--bare" "https://github.com/Masterchef365/wgpu_launchpad" "/workspace/cache/git-repos/https%3A%2F%2Fgithub.com%2FMasterchef365%2Fwgpu_launchpad", kill_on_drop: false }`
[INFO] [stderr] Cloning into bare repository '/workspace/cache/git-repos/https%3A%2F%2Fgithub.com%2FMasterchef365%2Fwgpu_launchpad'...
[INFO] running `Command { std: "git" "rev-parse" "HEAD", kill_on_drop: false }`
[INFO] [stdout] 212a8cfc69a98ae34731ade618698f28e0473708
[INFO] checking Masterchef365/wgpu_launchpad against master#9610dfe5a9a731ced1ea4923ecbd0c57fe367898 for beta-170-4
[INFO] running `Command { std: "git" "clone" "/workspace/cache/git-repos/https%3A%2F%2Fgithub.com%2FMasterchef365%2Fwgpu_launchpad" "/workspace/builds/worker-3-tc1/source", kill_on_drop: false }`
[INFO] [stderr] Cloning into '/workspace/builds/worker-3-tc1/source'...
[INFO] [stderr] done.
[INFO] validating manifest of git repo https://github.com/Masterchef365/wgpu_launchpad on toolchain 9610dfe5a9a731ced1ea4923ecbd0c57fe367898
[INFO] running `Command { std: CARGO_HOME="/workspace/cargo-home" RUSTUP_HOME="/workspace/rustup-home" "/workspace/cargo-home/bin/cargo" "+9610dfe5a9a731ced1ea4923ecbd0c57fe367898" "metadata" "--manifest-path" "Cargo.toml" "--no-deps", kill_on_drop: false }`
[INFO] started tweaking git repo https://github.com/Masterchef365/wgpu_launchpad
[INFO] finished tweaking git repo https://github.com/Masterchef365/wgpu_launchpad
[INFO] tweaked toml for git repo https://github.com/Masterchef365/wgpu_launchpad written to /workspace/builds/worker-3-tc1/source/Cargo.toml
[INFO] crate git repo https://github.com/Masterchef365/wgpu_launchpad already has a lockfile, it will not be regenerated
[INFO] running `Command { std: CARGO_HOME="/workspace/cargo-home" RUSTUP_HOME="/workspace/rustup-home" "/workspace/cargo-home/bin/cargo" "+9610dfe5a9a731ced1ea4923ecbd0c57fe367898" "fetch" "--manifest-path" "Cargo.toml", kill_on_drop: false }`
[INFO] running `Command { std: "docker" "create" "-v" "/var/lib/crater-agent-workspace/builds/worker-3-tc1/target:/opt/rustwide/target:rw,Z" "-v" "/var/lib/crater-agent-workspace/builds/worker-3-tc1/source:/opt/rustwide/workdir:ro,Z" "-v" "/var/lib/crater-agent-workspace/cargo-home:/opt/rustwide/cargo-home:ro,Z" "-v" "/var/lib/crater-agent-workspace/rustup-home:/opt/rustwide/rustup-home:ro,Z" "-e" "SOURCE_DIR=/opt/rustwide/workdir" "-e" "CARGO_TARGET_DIR=/opt/rustwide/target" "-e" "CARGO_HOME=/opt/rustwide/cargo-home" "-e" "RUSTUP_HOME=/opt/rustwide/rustup-home" "-w" "/opt/rustwide/workdir" "-m" "1610612736" "--user" "0:0" "--network" "none" "ghcr.io/rust-lang/crates-build-env/linux@sha256:19e73879b68f455e41552ea35293514db52ea292d993f571636dbffedb77a1ee" "/opt/rustwide/cargo-home/bin/cargo" "+9610dfe5a9a731ced1ea4923ecbd0c57fe367898" "metadata" "--no-deps" "--format-version=1", kill_on_drop: false }`
[INFO] [stdout] b4737ae573a5eee190458a10b9148c17d8e5f9e9b611d9eff00f02b9d520493b
[INFO] running `Command { std: "docker" "start" "-a" "b4737ae573a5eee190458a10b9148c17d8e5f9e9b611d9eff00f02b9d520493b", kill_on_drop: false }`
[INFO] running `Command { std: "docker" "inspect" "b4737ae573a5eee190458a10b9148c17d8e5f9e9b611d9eff00f02b9d520493b", kill_on_drop: false }`
[INFO] running `Command { std: "docker" "rm" "-f" "b4737ae573a5eee190458a10b9148c17d8e5f9e9b611d9eff00f02b9d520493b", kill_on_drop: false }`
[INFO] [stdout] b4737ae573a5eee190458a10b9148c17d8e5f9e9b611d9eff00f02b9d520493b
[INFO] running `Command { std: "docker" "create" "-v" "/var/lib/crater-agent-workspace/builds/worker-3-tc1/target:/opt/rustwide/target:rw,Z" "-v" "/var/lib/crater-agent-workspace/builds/worker-3-tc1/source:/opt/rustwide/workdir:ro,Z" "-v" "/var/lib/crater-agent-workspace/cargo-home:/opt/rustwide/cargo-home:ro,Z" "-v" "/var/lib/crater-agent-workspace/rustup-home:/opt/rustwide/rustup-home:ro,Z" "-e" "SOURCE_DIR=/opt/rustwide/workdir" "-e" "CARGO_TARGET_DIR=/opt/rustwide/target" "-e" "CARGO_INCREMENTAL=0" "-e" "RUST_BACKTRACE=full" "-e" "RUSTFLAGS=--cap-lints=forbid" "-e" "RUSTDOCFLAGS=--cap-lints=forbid" "-e" "CARGO_HOME=/opt/rustwide/cargo-home" "-e" "RUSTUP_HOME=/opt/rustwide/rustup-home" "-w" "/opt/rustwide/workdir" "-m" "1610612736" "--user" "0:0" "--network" "none" "ghcr.io/rust-lang/crates-build-env/linux@sha256:19e73879b68f455e41552ea35293514db52ea292d993f571636dbffedb77a1ee" "/opt/rustwide/cargo-home/bin/cargo" "+9610dfe5a9a731ced1ea4923ecbd0c57fe367898" "check" "--frozen" "--all" "--all-targets" "--message-format=json", kill_on_drop: false }`
[INFO] [stdout] 544983186f2b016269785ba052d68e70b9ee2028aabedefd206d4b89a0942a49
[INFO] running `Command { std: "docker" "start" "-a" "544983186f2b016269785ba052d68e70b9ee2028aabedefd206d4b89a0942a49", kill_on_drop: false }`
[INFO] [stderr]    Compiling libc v0.2.77
[INFO] [stderr]    Compiling log v0.4.11
[INFO] [stderr]    Compiling proc-macro2 v1.0.21
[INFO] [stderr]    Compiling byteorder v1.3.4
[INFO] [stderr]    Compiling syn v1.0.41
[INFO] [stderr]    Compiling libloading v0.6.3
[INFO] [stderr]    Compiling proc-macro2 v0.4.30
[INFO] [stderr]    Compiling unicode-xid v0.1.0
[INFO] [stderr]    Compiling pkg-config v0.3.18
[INFO] [stderr]    Compiling xml-rs v0.8.3
[INFO] [stderr]    Compiling nix v0.14.1
[INFO] [stderr]    Compiling num-traits v0.2.12
[INFO] [stderr]     Checking smallvec v1.4.2
[INFO] [stderr]     Checking void v1.0.2
[INFO] [stderr]    Compiling pin-project-internal v0.4.23
[INFO] [stderr]    Compiling memchr v2.3.3
[INFO] [stderr]     Checking futures-core v0.3.5
[INFO] [stderr]     Checking futures-sink v0.3.5
[INFO] [stderr]     Checking instant v0.1.6
[INFO] [stderr]    Compiling proc-macro-hack v0.5.18
[INFO] [stderr]     Checking once_cell v1.4.1
[INFO] [stderr]     Checking futures-channel v0.3.5
[INFO] [stderr]     Checking atom v0.3.5
[INFO] [stderr]     Checking futures-task v0.3.5
[INFO] [stderr]     Checking downcast-rs v1.2.0
[INFO] [stderr]     Checking arrayvec v0.5.1
[INFO] [stderr]    Compiling maybe-uninit v2.0.0
[INFO] [stderr]     Checking walkdir v2.3.1
[INFO] [stderr]     Checking hibitset v0.6.3
[INFO] [stderr]     Checking lock_api v0.4.1
[INFO] [stderr]     Checking tracing-core v0.1.16
[INFO] [stderr]     Checking dlib v0.4.2
[INFO] [stderr]     Checking wayland-sys v0.23.6
[INFO] [stderr]    Compiling x11 v2.18.2
[INFO] [stderr]    Compiling x11-dl v2.18.5
[INFO] [stderr]     Checking ash v0.31.0
[INFO] [stderr]     Checking xdg v2.2.0
[INFO] [stderr]     Checking inplace_it v0.3.2
[INFO] [stderr]     Checking wgpu-types v0.6.1
[INFO] [stderr]     Checking tracing v0.1.19
[INFO] [stderr]     Checking stb_truetype v0.3.1
[INFO] [stderr]     Checking fxhash v0.2.1
[INFO] [stderr]     Checking typed-arena v2.0.1
[INFO] [stderr]    Compiling quote v0.6.13
[INFO] [stderr]    Compiling quote v1.0.7
[INFO] [stderr]    Compiling wayland-scanner v0.23.6
[INFO] [stderr]     Checking raw-window-handle v0.3.3
[INFO] [stderr]     Checking net2 v0.2.35
[INFO] [stderr]     Checking iovec v0.1.4
[INFO] [stderr]     Checking parking_lot_core v0.8.0
[INFO] [stderr]     Checking memmap v0.7.0
[INFO] [stderr]     Checking parking_lot_core v0.7.2
[INFO] [stderr]     Checking gfx-hal v0.6.0
[INFO] [stderr]     Checking ordered-float v1.1.0
[INFO] [stderr]     Checking approx v0.3.2
[INFO] [stderr]     Checking spirv_headers v1.5.0
[INFO] [stderr]     Checking line_drawing v0.7.0
[INFO] [stderr]     Checking mio v0.6.22
[INFO] [stderr]     Checking parking_lot v0.11.0
[INFO] [stderr]     Checking parking_lot v0.10.2
[INFO] [stderr]     Checking rusttype v0.8.3
[INFO] [stderr]     Checking rusttype v0.7.9
[INFO] [stderr]     Checking andrew v0.2.1
[INFO] [stderr]     Checking mio-extras v2.0.6
[INFO] [stderr]    Compiling wayland-client v0.23.6
[INFO] [stderr]    Compiling wayland-protocols v0.23.6
[INFO] [stderr]     Checking gfx-descriptor v0.2.0
[INFO] [stderr]     Checking gfx-backend-empty v0.6.0
[INFO] [stderr]     Checking gfx-memory v0.2.0
[INFO] [stderr]     Checking wayland-commons v0.23.6
[INFO] [stderr]     Checking calloop v0.4.4
[INFO] [stderr]    Compiling thiserror-impl v1.0.20
[INFO] [stderr]    Compiling futures-macro v0.3.5
[INFO] [stderr]     Checking thiserror v1.0.20
[INFO] [stderr]     Checking naga v0.2.0
[INFO] [stderr]     Checking pin-project v0.4.23
[INFO] [stderr]     Checking futures-util v0.3.5
[INFO] [stderr]     Checking gfx-backend-vulkan v0.6.1
[INFO] [stderr]     Checking wgpu-core v0.6.3
[INFO] [stderr]     Checking smithay-client-toolkit v0.6.6
[INFO] [stderr]     Checking winit v0.22.2
[INFO] [stderr]     Checking futures-executor v0.3.5
[INFO] [stderr]     Checking futures v0.3.5
[INFO] [stderr]     Checking wgpu v0.6.0
[INFO] [stderr]     Checking wgpu_launchpad v0.1.0 (/opt/rustwide/workdir)
[INFO] [stdout] warning: unused import: `WindowEvent`
[INFO] [stdout]  --> examples/triangle.rs:1:37
[INFO] [stdout]   |
[INFO] [stdout] 1 | use wgpu_launchpad::{Scene, launch, WindowEvent};
[INFO] [stdout]   |                                     ^^^^^^^^^^^
[INFO] [stdout]   |
[INFO] [stdout]   = note: `#[warn(unused_imports)]` on by default
[INFO] [stdout] 
[INFO] [stdout] 
[INFO] [stdout] error[E0050]: method `new` has 1 parameter but the declaration in trait `new` has 2
[INFO] [stdout]   --> examples/triangle.rs:12:20
[INFO] [stdout]    |
[INFO] [stdout] 12 |     fn new(device: &wgpu::Device) -> Triangle {
[INFO] [stdout]    |                    ^^^^^^^^^^^^^ expected 2 parameters, found 1
[INFO] [stdout]    |
[INFO] [stdout]    = note: `new` from trait: `fn(&Device, <Self as Scene>::Args) -> Self`
[INFO] [stdout] 
[INFO] [stdout] 
[INFO] [stdout] error[E0046]: not all trait items implemented, missing: `Args`
[INFO] [stdout]   --> examples/triangle.rs:11:1
[INFO] [stdout]    |
[INFO] [stdout] 11 | impl Scene for Triangle {
[INFO] [stdout]    | ^^^^^^^^^^^^^^^^^^^^^^^ missing `Args` in implementation
[INFO] [stdout]    |
[INFO] [stdout]    = help: implement the missing item: `type Args = /* Type */;`
[INFO] [stdout] 
[INFO] [stdout] 
[INFO] [stdout] error[E0061]: this function takes 1 argument but 0 arguments were supplied
[INFO] [stdout]   --> examples/triangle.rs:4:5
[INFO] [stdout]    |
[INFO] [stdout] 4  |     launch::<Triangle>();
[INFO] [stdout]    |     ^^^^^^^^^^^^^^^^^^-- an argument is missing
[INFO] [stdout]    |
[INFO] [stdout] note: function defined here
[INFO] [stdout]   --> /opt/rustwide/workdir/src/lib.rs:26:8
[INFO] [stdout]    |
[INFO] [stdout] 26 | pub fn launch<S: 'static + Scene>(args: S::Args) {
[INFO] [stdout]    |        ^^^^^^
[INFO] [stdout] help: provide the argument
[INFO] [stdout]    |
[INFO] [stdout] 4  |     launch::<Triangle>(/* args */);
[INFO] [stdout]    |                       ~~~~~~~~~~~~
[INFO] [stdout] 
[INFO] [stdout] 
[INFO] [stdout] error: aborting due to 3 previous errors; 1 warning emitted
[INFO] [stdout] 
[INFO] [stdout] 
[INFO] [stdout] Some errors have detailed explanations: E0046, E0050, E0061.
[INFO] [stdout] 
[INFO] [stdout] For more information about an error, try `rustc --explain E0046`.
[INFO] [stdout] 
[INFO] [stderr] error: could not compile `wgpu_launchpad` (example "triangle") due to 4 previous errors; 1 warning emitted
[INFO] running `Command { std: "docker" "inspect" "544983186f2b016269785ba052d68e70b9ee2028aabedefd206d4b89a0942a49", kill_on_drop: false }`
[INFO] running `Command { std: "docker" "rm" "-f" "544983186f2b016269785ba052d68e70b9ee2028aabedefd206d4b89a0942a49", kill_on_drop: false }`
[INFO] [stdout] 544983186f2b016269785ba052d68e70b9ee2028aabedefd206d4b89a0942a49
